se
Is 1602 a factor of 105621030?
False
Is 6 a factor of 411263853?
False
Does 162 divide 66639672?
True
Is 253 a factor of 82845294?
False
Is 522179059 a multiple of 4?
False
Is 103393123 a multiple of 723?
False
Is 14 a factor of 23510074?
True
Does 2117 divide 40428349?
True
Is 603 a factor of 31319217?
True
Does 223 divide 468965655?
True
Does 117 divide 9710181?
True
Is 135 a factor of 242233335?
True
Is 368 a factor of 1706106704?
False
Does 87 divide 39172967?
False
Is 3214 a factor of 121900592?
True
Does 11 divide 7123778?
False
Is 1038 a factor of 256437900?
True
Does 34 divide 1905435235?
False
Is 388266355 a multiple of 20?
False
Is 8 a factor of 16330388?
False
Is 1989 a factor of 59866911?
True
Is 24 a factor of 3835852?
False
Is 31 a factor of 13280415?
False
Does 998 divide 126829832?
True
Is 85252755 a multiple of 35?
True
Is 407 a factor of 265153988?
True
Does 2133 divide 28078812?
True
Is 286693656 a multiple of 12?
True
Does 739 divide 101279973?
False
Does 16 divide 540955130?
False
Is 2 a factor of 108123186?
True
Is 2073618276 a multiple of 173?
False
Is 15038709 a multiple of 19?
True
Is 82678558 a multiple of 30?
False
Does 3 divide 4112902?
False
Does 8 divide 1453751?
False
Is 32 a factor of 59324000?
True
Is 323 a factor of 272365551?
True
Is 3742983018 a multiple of 9097?
False
Is 6040 a factor of 203149360?
True
Is 2039 a factor of 1019867020?
True
Is 5 a factor of 3283867916?
False
Is 237911200 a multiple of 2075?
True
Is 30199896 a multiple of 112?
False
Does 122 divide 8870132?
True
Is 164689993 a multiple of 2253?
False
Is 3840 a factor of 1958484758?
False
Is 80 a factor of 129806303?
False
Is 176428980 a multiple of 1260?
True
Is 4451 a factor of 65445060?
False
Is 109315374 a multiple of 1280?
False
Does 543 divide 56147024?
False
Does 50 divide 760450?
True
Is 353 a factor of 187718340?
True
Is 6 a factor of 12044904?
True
Is 28942218 a multiple of 3?
True
Is 246 a factor of 1049561898?
False
Is 684 a factor of 70809048?
True
Is 144 a factor of 75595577?
False
Does 76 divide 74064376?
False
Is 2906 a factor of 1148294276?
True
Does 2417 divide 417327632?
False
Is 47193632 a multiple of 136?
True
Is 3734143291 a multiple of 2660?
False
Is 6210663 a multiple of 136?
False
Does 505 divide 6540760?
True
Does 23 divide 662643892?
True
Does 20 divide 67085340?
True
Is 1102 a factor of 86667089?
False
Does 38 divide 196476739?
False
Is 273 a factor of 2287875681?
True
Is 102610716 a multiple of 38?
True
Is 979034 a multiple of 14?
True
Is 7 a factor of 438519710?
False
Is 233749285 a multiple of 11?
True
Does 75 divide 354136043?
False
Does 20 divide 40802470?
False
Is 4717644 a multiple of 144?
False
Is 1136931374 a multiple of 6637?
True
Does 57 divide 28507884?
False
Is 496234167 a multiple of 29?
True
Is 1525339392 a multiple of 2944?
True
Is 3027 a factor of 847220976?
True
Does 4 divide 84932352?
True
Does 96 divide 1640569344?
True
Is 141915543 a multiple of 139?
False
Is 203 a factor of 24087168?
True
Does 105 divide 52333919?
False
Is 397 a factor of 1318820899?
True
Is 10 a factor of 12950219?
False
Is 45 a factor of 43896992?
False
Does 2387 divide 6893941327?
False
Does 28 divide 5137608?
True
Is 4011349046 a multiple of 30?
False
Does 182 divide 1129874382?
True
Does 19 divide 8832844?
False
Is 105342840 a multiple of 342?
True
Does 55 divide 1822650830?
True
Does 237 divide 867482331?
True
Does 88 divide 22890814?
False
Does 820 divide 30464972?
False
Does 3 divide 6588379?
False
Does 6 divide 657771306?
True
Does 11 divide 6515882?
False
Is 254 a factor of 56125872?
True
Is 30379815 a multiple of 190?
False
Does 51 divide 224920761?
True
Is 4428522 a multiple of 63?
True
Is 745 a factor of 10179573?
False
Does 311 divide 1570557893?
False
Is 5991833 a multiple of 6?
False
Does 530 divide 884570?
True
Is 72 a factor of 11020354?
False
Is 1812 a factor of 230566128?
True
Does 297 divide 9003852?
True
Is 1732 a factor of 603875656?
True
Is 20 a factor of 5107246?
False
Does 2 divide 18917882?
True
Is 198780073 a multiple of 177?
False
Is 12677 a factor of 1312927289?
False
Is 18 a factor of 27371106?
True
Is 125451245 a multiple of 85?
True
Does 51 divide 36513289?
False
Is 1752484140 a multiple of 13?
False
Does 5 divide 217263277?
False
Is 7 a factor of 83674346?
True
Is 96350490 a multiple of 75?
False
Is 244157885 a multiple of 2623?
False
Is 7 a factor of 1033246995?
False
Is 1717 a factor of 67081255?
False
Is 268827369 a multiple of 220?
False
Is 35 a factor of 100303634?
False
Is 14 a factor of 908975?
False
Does 421 divide 13895718?
False
Is 1117 a factor of 120249518?
True
Does 2231 divide 520661856?
True
Is 1847209318 a multiple of 106?
True
Does 1289 divide 73802221?
False
Does 34 divide 3397722?
True
Is 2035 a factor of 1209900508?
False
Does 16 divide 10813243?
False
Is 38 a factor of 14443760?
False
Is 129665896 a multiple of 131?
True
Does 21 divide 34906505?
False
Is 11 a factor of 15142215?
True
Does 7 divide 137028289?
False
Does 112 divide 384869102?
False
Is 1050865838 a multiple of 341?
True
Is 18439628 a multiple of 1492?
True
Is 458481771 a multiple of 1373?
True
Does 2115 divide 7061985?
True
Is 115 a factor of 15610790?
True
Is 26429781 a multiple of 18?
False
Is 415552537 a multiple of 6038?
False
Is 59 a factor of 3816155?
False
Is 122283997 a multiple of 4?
False
Is 580 a factor of 2037525822?
False
Is 93 a factor of 592801339?
False
Is 56535024 a multiple of 301?
True
Is 450026101 a multiple of 33?
False
Does 16 divide 129166141?
False
Does 1101 divide 9817617?
True
Does 19 divide 778831166?
True
Is 281 a factor of 370024453?
True
Does 390 divide 326742780?
True
Is 54385641 a multiple of 4516?
False
Is 2 a factor of 1801762?
True
Is 273 a factor of 761980401?
True
Is 1052260728 a multiple of 392?
False
Is 27746765 a multiple of 305?
True
Does 1396 divide 1496701856?
True
Is 73 a factor of 412449798?
False
Is 118 a factor of 143121020?
True
Does 117 divide 30963348?
True
Does 15 divide 49319351?
False
Is 699 a factor of 318464254?
False
Is 437 a factor of 19416347?
True
Is 575973354 a multiple of 66?
True
Is 13538629 a multiple of 14?
False
Does 11208 divide 1207753745?
False
Is 27 a factor of 104343822?
True
Is 13821247 a multiple of 7?
False
Is 2 a factor of 308183747?
False
Does 22 divide 5216255298?
False
Is 19465920 a multiple of 20?
True
Is 14 a factor of 859373794?
False
Is 109 a factor of 51426894?
False
Is 136331325 a multiple of 381?
True
Is 4363992 a multiple of 12?
True
Is 5386569 a multiple of 23?
False
Is 1098 a factor of 23152573?
False
Is 1105315860 a multiple of 319?
True
Does 451 divide 33128382?
False
Is 241 a factor of 166162758?
False
Is 39442189 a multiple of 614?
False
Is 2281039284 a multiple of 1237?
False
Does 15 divide 34245?
True
Is 329292408 a multiple of 173?
False
Is 283398593 a multiple of 3742?
False
Is 53 a factor of 21632624?
False
Does 269 divide 151818406?
False
Is 22 a factor of 3783464451?
False
Does 87 divide 15250926?
True
Is 224046 a multiple of 1383?
True
Is 7906 a factor of 1857364081?
False
Is 125 a factor of 55528750?
True
Is 28 a factor of 7932596?
True
Is 32295312 a multiple of 12?
True
Is 34 a factor of 111243271?
False
Does 1427 divide 1411201683?
True
Is 76 a factor of 38259312?
True
Is 45911807 a multiple of 66?
False
Is 33 a factor of 60175995?
True
Is 3119903259 a multiple of 87?
True
Is 469081624 a multiple of 5951?
True
Is 128206 a multiple of 90?
False
Is 1052632019 a multiple of 102?
False
Does 694 divide 152671672?
True
Does 1563 divide 447029094?
False
Is 69585691 a multiple of 10?
False
Is 27578368 a multiple of 67?
False
Is 232 a factor of 1666807480?
True
Is 64896540 a multiple of 47?
False
Is 16 a factor of 5353680?
True
Does 8 divide 2805268056?
True
Is 4 a factor of 10871745?
False
Is 50 a factor of 296374000?
True
Does 709 divide 3866264038?
False
Is 6807248 a multiple of 7?
True
Does 2023 divide 498168196?
False
Is 28 a factor of 58606100?
True
Does 86 divide 57967010?
True
Does 112 divide 208412398?
False
Is 245592262 a multiple of 60?
False
Is 32 a factor of 171439287?
False
Is 722192480 a multiple of 16?
True
Is 332 a factor of 17099990?
False
Is 2146 a factor of 137553318?
False
Does 55 divide 55